 of 3422?
2, 29, 59
What are the prime factors of 52205?
5, 53, 197
What are the prime factors of 8273?
8273
List the prime factors of 3031.
7, 433
What are the prime factors of 902?
2, 11, 41
List the prime factors of 480.
2, 3, 5
What are the prime factors of 4496?
2, 281
What are the prime factors of 1513?
17, 89
List the prime factors of 845.
5, 13
List the prime factors of 9708.
2, 3, 809
List the prime factors of 2500.
2, 5
List the prime factors of 1021.
1021
List the prime factors of 774.
2, 3, 43
List the prime factors of 20421.
3, 2269
What are the prime factors of 2049?
3, 683
List the prime factors of 340.
2, 5, 17
List the prime factors of 1896.
2, 3, 79
What are the prime factors of 49726?
2, 23, 47
What are the prime factors of 2925?
3, 5, 13
What are the prime factors of 14870?
2, 5, 1487
What are the prime factors of 51577?
51577
What are the prime factors of 36325?
5, 1453
What are the prime factors of 65924?
2, 16481
What are the prime factors of 221?
13, 17
List the prime factors of 3359.
3359
List the prime factors of 106.
2, 53
List the prime factors of 14181.
3, 29, 163
What are the prime factors of 10237?
29, 353
What are the prime factors of 6435?
3, 5, 11, 13
List the prime factors of 178422.
2, 3, 131, 227
List the prime factors of 4498.
2, 13, 173
List the prime factors of 76256.
2, 2383
List the prime factors of 7731.
3, 859
What are the prime factors of 1299?
3, 433
What are the prime factors of 1965?
3, 5, 131
List the prime factors of 56408.
2, 11, 641
List the prime factors of 504.
2, 3, 7
List the prime factors of 7074.
2, 3, 131
What are the prime factors of 6287?
6287
What are the prime factors of 33120?
2, 3, 5, 23
List the prime factors of 459.
3, 17
List the prime factors of 15228.
2, 3, 47
List the prime factors of 1947.
3, 11, 59
List the prime factors of 3616.
2, 113
What are the prime factors of 50982?
2, 3, 29, 293
What are the prime factors of 9159?
3, 43, 71
What are the prime factors of 21659?
11, 179
List the prime factors of 2141.
2141
List the prime factors of 767.
13, 59
List the prime factors of 1308.
2, 3, 109
List the prime factors of 7741.
7741
List the prime factors of 5809.
37, 157
What are the prime factors of 848?
2, 53
What are the prime factors of 2404?
2, 601
List the prime factors of 1387.
19, 73
What are the prime factors of 278?
2, 139
List the prime factors of 80365.
5, 16073
What are the prime factors of 2289?
3, 7, 109
List the prime factors of 7854.
2, 3, 7, 11, 17
List the prime factors of 8194.
2, 17, 241
List the prime factors of 7057.
7057
What are the prime factors of 842?
2, 421
What are the prime factors of 39744?
2, 3, 23
List the prime factors of 13017.
3, 4339
List the prime factors of 23099.
23099
List the prime factors of 612.
2, 3, 17
What are the prime factors of 26914?
2, 13457
What are the prime factors of 759?
3, 11, 23
What are the prime factors of 8011?
8011
List the prime factors of 1346.
2, 673
What are the prime factors of 46943?
13, 23, 157
What are the prime factors of 2455?
5, 491
List the prime factors of 778.
2, 389
What are the prime factors of 1516?
2, 379
What are the prime factors of 8953?
7, 1279
What are the prime factors of 18903?
3, 6301
List the prime factors of 70452.
2, 3, 19, 103
What are the prime factors of 19881?
3, 47
List the prime factors of 39807.
3, 4423
List the prime factors of 26736.
2, 3, 557
What are the prime factors of 1162?
2, 7, 83
List the prime factors of 345.
3, 5, 23
List the prime factors of 142391.
142391
What are the prime factors of 32017?
101, 317
What are the prime factors of 16519?
16519
List the prime factors of 3240.
2, 3, 5
List the prime factors of 142994.
2, 19, 53, 71
What are the prime factors of 77794?
2, 97, 401
List the prime factors of 3110.
2, 5, 311
List the prime factors of 1901.
1901
What are the prime factors of 1697?
1697
List the prime factors of 87931.
87931
List the prime factors of 1713.
3, 571
What are the prime factors of 337?
337
What are the prime factors of 120492?
2, 3, 3347
List the prime factors of 490.
2, 5, 7
List the prime factors of 5078.
2, 2539
List the prime factors of 57.
3, 19
List the prime factors of 13.
13
What are the prime factors of 2696?
2, 337
List the prime factors of 19603.
19603
List the prime factors of 25741.
25741
What are the prime factors of 19749?
3, 29, 227
What are the prime factors of 1095?
3, 5, 73
List the prime factors of 847.
7, 11
What are the prime factors of 6747?
3, 13, 173
What are the prime factors of 33227?
149, 223
List the prime factors of 19469.
19469
What are the prime factors of 1082?
2, 541
What are the prime factors of 4456?
2, 557
What are the prime factors of 22238?
2, 11119
What are the prime factors of 1864?
2, 233
What are the prime factors of 9856?
2, 7, 11
What are the prime factors of 23569?
7, 13, 37
List the prime factors of 2597.
7, 53
List the prime factors of 28312.
2, 3539
List the prime factors of 25516.
2, 6379
List the prime factors of 127357.
19, 6703
What are the prime factors of 36257?
13, 2789
What are the prime factors of 30831?
3, 43, 239
List the prime factors of 4306.
2, 2153
List the prime factors of 97182.
2, 3, 5399
List the prime factors of 1086.
2, 3, 181
What are the prime factors of 4688?
2, 293
What are the prime factors of 27423?
3, 11, 277
What are the prime factors of 32832?
2, 3, 19
What are the prime factors of 6238?
2, 3119
What are the prime factors of 1413?
3, 157
What are the prime factors of 39270?
2, 3, 5, 7, 11, 17
List the prime factors of 3629.
19, 191
What are the prime factors of 24681?
3, 19, 433
What are the prime factors of 667?
23, 29
List the prime factors of 47524.
2, 109
What are the prime factors of 19312?
2, 17, 71
List the prime factors of 19465.
5, 17, 229
List the prime factors of 2188.
2, 547
List the prime factors of 1649.
17, 97
List the prime factors of 3022.
2, 1511
What are the prime factors of 8664?
2, 3, 19
List the prime factors of 10346.
2, 7, 739
What are the prime factors of 7415?
5, 1483
List the prime factors of 535.
5, 107
List the prime factors of 18545.
5, 3709
List the prime factors of 88.
2, 11
What are the prime factors of 7852?
2, 13, 151
What are the prime factors of 7344?
2, 3, 17
List the prime factors of 103.
103
List the prime factors of 789.
3, 263
List the prime factors of 1103.
1103
List the prime factors of 37046.
2, 18523
What are the prime factors of 25874?
2, 17, 761
What are the prime factors of 675?
3, 5
List the prime factors of 16667.
7, 2381
What are the prime factors of 12293?
19, 647
What are the prime factors of 1728?
2, 3
What are the prime factors of 83213?
13, 37, 173
What are the prime factors of 2245?
5, 449
What are the prime factors of 35652?
2, 3, 2971
List the prime factors of 1372.
2, 7
List the prime factors of 4764.
2, 3, 397
List the prime factors of 6073.
6073
List the prime factors of 3431.
47, 73
What are the prime factors of 90071?
90071
List the prime factors of 1884.
2, 3, 157
What are the prime factors of 604?
2, 151
List the prime factors of 1002.
2, 3, 167
What are the prime factors of 18688?
2, 73
What are the prime factors of 5856?
2, 3, 61
List the prime factors of 2415.
3, 5, 7, 23
What are the prime factors of 104779?
104779
List the prime factors of 20361.
3, 11, 617
What are the prime factors of 9?
3
List the prime factors of 117679.
117679
List the prime factors of 771.
3, 257
List the prime factors of 7350.
2, 3, 5, 7
List the prime factors of 33330.
2, 3, 5, 11, 101
List the prime factors of 1125.
3, 5
List the prime factors of 13375.
5, 107
List the prime factors of 8193.
3, 2731
List the prime factors of 3460.
2, 5, 173
List the prime factors of 1829.
31, 59
What are the prime factors of 115465?
5, 7, 3299
List the prime factors of 35209.
137, 257
List the prime factors of 9757.
11, 887
List the prime factors of 15827.
7, 17, 19
List the prime factors of 3885.
3, 5, 7, 37
List the prime factors of 3811.
37, 103
List the prime factors of 10979.
10979
What are the prime factors of 1290?
2, 3, 5, 43
What are the prime factors of 52275?
3, 5, 17, 41
What are the prime factors of 294?
2, 3, 7
What are the prime factors of 3791?
17, 223
What are the prime factors of 545?
5, 109
List the prime factors of